7
List the prime factors of 4123768.
2, 11, 46861
List the prime factors of 1183430.
2, 5, 118343
List the prime factors of 667488.
2, 3, 17, 409
List the prime factors of 397635.
3, 5, 7, 541
List the prime factors of 4356522.
2, 3, 17, 23, 619
List the prime factors of 420062.
2, 210031
List the prime factors of 2501072.
2, 7, 137, 163
What are the prime factors of 1206745?
5, 17, 14197
What are the prime factors of 332411?
332411
List the prime factors of 334744.
2, 41843
List the prime factors of 379303.
43, 8821
What are the prime factors of 254021?
254021
What are the prime factors of 101569?
13, 601
What are the prime factors of 1450453?
1450453
What are the prime factors of 103812?
2, 3, 41, 211
What are the prime factors of 1228152?
2, 3, 73, 701
List the prime factors of 697195.
5, 139439
What are the prime factors of 438100?
2, 5, 13, 337
What are the prime factors of 570737?
570737
List the prime factors of 219412.
2, 19, 2887
List the prime factors of 9432332.
2, 7, 13, 25913
List the prime factors of 4346268.
2, 3, 43, 8423
What are the prime factors of 682437?
3, 7, 32497
What are the prime factors of 85608?
2, 3, 29, 41
What are the prime factors of 4518286?
2, 2259143
List the prime factors of 403444.
2, 17, 349
What are the prime factors of 12137277?
3, 271, 14929
What are the prime factors of 596727?
3, 53, 139
What are the prime factors of 371148?
2, 3, 157, 197
List the prime factors of 152245.
5, 30449
List the prime factors of 785805.
3, 5, 52387
What are the prime factors of 15793543?
151, 104593
List the prime factors of 16531656.
2, 3, 821, 839
What are the prime factors of 68922?
2, 3, 7, 547
List the prime factors of 572223.
3, 19, 10039
What are the prime factors of 209901?
3, 31, 37, 61
What are the prime factors of 295814?
2, 353, 419
What are the prime factors of 415643?
415643
List the prime factors of 1339524.
2, 3, 79, 157
What are the prime factors of 1512679?
7, 30871
What are the prime factors of 6168401?
6168401
What are the prime factors of 1114973?
1114973
What are the prime factors of 3284498?
2, 7, 283, 829
What are the prime factors of 143282?
2, 31, 2311
List the prime factors of 689164.
2, 7, 151, 163
What are the prime factors of 1790305?
5, 11, 43, 757
List the prime factors of 8223004.
2, 2055751
What are the prime factors of 2808259?
31, 157, 577
What are the prime factors of 1978774?
2, 7, 19, 43, 173
What are the prime factors of 3045613?
3045613
What are the prime factors of 734745?
3, 5, 11, 61, 73
List the prime factors of 524864.
2, 59, 139
List the prime factors of 1441006.
2, 7, 102929
What are the prime factors of 25749862?
2, 43, 299417
What are the prime factors of 1486558?
2, 743279
What are the prime factors of 1648558?
2, 17, 48487
What are the prime factors of 362667?
3, 120889
What are the prime factors of 110244?
2, 3, 9187
What are the prime factors of 5559053?
181, 30713
List the prime factors of 7218.
2, 3, 401
What are the prime factors of 562782?
2, 3, 11, 8527
What are the prime factors of 9208089?
3, 11, 281, 331
List the prime factors of 231644.
2, 7, 8273
What are the prime factors of 465215?
5, 19, 59, 83
List the prime factors of 2177991.
3, 139, 1741
What are the prime factors of 7974817?
107, 74531
List the prime factors of 5121226.
2, 11, 23, 29, 349
List the prime factors of 432476.
2, 11, 9829
List the prime factors of 1618515.
3, 5, 19, 631
List the prime factors of 43494660.
2, 3, 5, 11, 1997
What are the prime factors of 215481?
3, 7, 31, 331
List the prime factors of 124394.
2, 37, 41
What are the prime factors of 7066?
2, 3533
What are the prime factors of 32320?
2, 5, 101
List the prime factors of 2916846.
2, 3, 131, 1237
List the prime factors of 1038107.
7, 148301
List the prime factors of 4676195.
5, 31, 30169
What are the prime factors of 34956086?
2, 11, 19, 241, 347
List the prime factors of 403999.
29, 13931
What are the prime factors of 954396?
2, 3, 8837
What are the prime factors of 330848?
2, 7, 211
What are the prime factors of 33741424?
2, 2108839
What are the prime factors of 1021148?
2, 29, 8803
What are the prime factors of 606975?
3, 5, 8093
List the prime factors of 658863.
3, 19, 3853
What are the prime factors of 215899?
215899
List the prime factors of 24637394.
2, 103, 199, 601
What are the prime factors of 568281?
3, 7, 27061
What are the prime factors of 536127?
3, 173, 1033
What are the prime factors of 11316360?
2, 3, 5, 11, 8573
List the prime factors of 9650722.
2, 4825361
What are the prime factors of 34275959?
41, 199, 4201
List the prime factors of 2351969.
2351969
List the prime factors of 639151.
639151
What are the prime factors of 29333?
29333
What are the prime factors of 3160262?
2, 7, 225733
What are the prime factors of 1475185?
5, 295037
List the prime factors of 118122.
2, 3, 19687
List the prime factors of 795252.
2, 3, 66271
What are the prime factors of 351664?
2, 31, 709
What are the prime factors of 373467?
3, 124489
What are the prime factors of 849169?
313, 2713
What are the prime factors of 1065677?
1065677
What are the prime factors of 662029?
662029
List the prime factors of 361311.
3, 29, 4153
What are the prime factors of 2329637?
2329637
What are the prime factors of 203410?
2, 5, 20341
What are the prime factors of 1318385?
5, 263677
List the prime factors of 150697.
150697
What are the prime factors of 160819?
73, 2203
What are the prime factors of 751798?
2, 375899
List the prime factors of 812603.
11, 31, 2383
What are the prime factors of 2542232?
2, 7, 11, 4127
List the prime factors of 3254796.
2, 3, 30137
What are the prime factors of 269476?
2, 67369
List the prime factors of 1558947.
3, 13, 71, 563
What are the prime factors of 3281179?
11, 313, 953
List the prime factors of 507733.
79, 6427
List the prime factors of 1508550.
2, 3, 5, 89, 113
What are the prime factors of 1533527?
1533527
What are the prime factors of 511201?
511201
List the prime factors of 20329003.
20329003
What are the prime factors of 3151192?
2, 11, 35809
What are the prime factors of 2710886?
2, 1355443
List the prime factors of 521340.
2, 3, 5, 8689
What are the prime factors of 9547875?
3, 5, 23, 41
List the prime factors of 470477.
7, 67211
List the prime factors of 2012939.
61, 32999
List the prime factors of 1339048.
2, 167381
List the prime factors of 2506249.
1093, 2293
What are the prime factors of 27044?
2, 6761
What are the prime factors of 384280?
2, 5, 13, 739
List the prime factors of 18693408.
2, 3, 194723
What are the prime factors of 1411540?
2, 5, 13, 61, 89
List the prime factors of 398817.
3, 14771
What are the prime factors of 254280?
2, 3, 5, 13, 163
List the prime factors of 1610261.
1259, 1279
List the prime factors of 870766.
2, 13, 107, 313
What are the prime factors of 376162?
2, 19, 521
What are the prime factors of 7969264?
2, 73, 6823
What are the prime factors of 14803559?
23, 643633
What are the prime factors of 6152154?
2, 3, 227, 4517
What are the prime factors of 1568740?
2, 5, 78437
List the prime factors of 91999.
197, 467
List the prime factors of 60747.
3, 20249
What are the prime factors of 134853?
3, 79, 569
List the prime factors of 291560.
2, 5, 37, 197
What are the prime factors of 687218?
2, 7, 191, 257
What are the prime factors of 239824?
2, 13, 1153
List the prime factors of 21612947.
21612947
What are the prime factors of 1309005?
3, 5, 19, 1531
List the prime factors of 1908964.
2, 17, 67, 419
What are the prime factors of 15537765?
3, 5, 23, 29, 1553
List the prime factors of 4585512.
2, 3, 17, 11239
List the prime factors of 712858.
2, 101, 3529
What are the prime factors of 1642892?
2, 19, 21617
List the prime factors of 327872.
2, 47, 109
What are the prime factors of 43164?
2, 3, 11, 109
What are the prime factors of 263422?
2, 131711
What are the prime factors of 1036526?
2, 19, 27277
List the prime factors of 1969243.
59, 33377
What are the prime factors of 9883110?
2, 3, 5, 31, 10627
What are the prime factors of 528565?
5, 61, 1733
List the prime factors of 3172047.
3, 17, 37, 41
What are the prime factors of 15613293?
3, 17, 389, 787
List the prime factors of 1871223.
3, 233, 2677
List the prime factors of 99037.
97, 1021
List the prime factors of 4978031.
